{"id":5747,"date":"2024-04-25T11:51:15","date_gmt":"2024-04-25T14:51:15","guid":{"rendered":"https:\/\/estudiomoc.com.ar\/?page_id=5747"},"modified":"2024-07-10T08:23:19","modified_gmt":"2024-07-10T11:23:19","slug":"luis-garro","status":"publish","type":"page","link":"https:\/\/estudiomoc.com.ar\/index.php\/luis-garro\/","title":{"rendered":"Luis Garro"},"content":{"rendered":"\t\t<div data-elementor-type=\"wp-page\" data-elementor-id=\"5747\" class=\"elementor elementor-5747\">\n\t\t\t\t<div class=\"elementor-element elementor-element-fddf9ac e-flex e-con-boxed e-con e-parent\" data-id=\"fddf9ac\" data-element_type=\"container\" data-e-type=\"container\">\n\t\t\t\t\t<div class=\"e-con-inner\">\n\t\t<div class=\"elementor-element elementor-element-7d9af49 e-con-full e-flex e-con e-child\" data-id=\"7d9af49\" data-element_type=\"container\" data-e-type=\"container\">\n\t\t\t\t<div class=\"elementor-element elementor-element-6bd2f7d elementor-widget elementor-widget-image\" data-id=\"6bd2f7d\" data-element_type=\"widget\" data-e-type=\"widget\" data-widget_type=\"image.default\">\n\t\t\t\t<div class=\"elementor-widget-container\">\n\t\t\t\t\t\t\t\t\t\t\t\t\t\t\t<img fetchpriority=\"high\" decoding=\"async\" width=\"683\" height=\"1024\" src=\"https:\/\/estudiomoc.com.ar\/wp-content\/uploads\/2024\/05\/perfiles-04-683x1024.png\" class=\"attachment-large size-large wp-image-6024\" alt=\"Foto perfil Luis Garro Arquitecto del estudio MOC\" srcset=\"https:\/\/estudiomoc.com.ar\/wp-content\/uploads\/2024\/05\/perfiles-04-683x1024.png 683w, https:\/\/estudiomoc.com.ar\/wp-content\/uploads\/2024\/05\/perfiles-04-200x300.png 200w, https:\/\/estudiomoc.com.ar\/wp-content\/uploads\/2024\/05\/perfiles-04-768x1151.png 768w, https:\/\/estudiomoc.com.ar\/wp-content\/uploads\/2024\/05\/perfiles-04-1024x1536.png 1024w, https:\/\/estudiomoc.com.ar\/wp-content\/uploads\/2024\/05\/perfiles-04-1366x2048.png 1366w, https:\/\/estudiomoc.com.ar\/wp-content\/uploads\/2024\/05\/perfiles-04.png 1454w\" sizes=\"(max-width: 683px) 100vw, 683px\" \/>\t\t\t\t\t\t\t\t\t\t\t\t\t\t\t<\/div>\n\t\t\t\t<\/div>\n\t\t\t\t<\/div>\n\t\t<div class=\"elementor-element elementor-element-7e663ed e-con-full e-flex e-con e-child\" data-id=\"7e663ed\" data-element_type=\"container\" data-e-type=\"container\">\n\t\t\t\t<div class=\"elementor-element elementor-element-c43e5ba elementor-widget elementor-widget-heading\" data-id=\"c43e5ba\" data-element_type=\"widget\" data-e-type=\"widget\" data-widget_type=\"heading.default\">\n\t\t\t\t<div class=\"elementor-widget-container\">\n\t\t\t\t\t<h1 class=\"elementor-heading-title elementor-size-default\">Luis Garro<\/h1>\t\t\t\t<\/div>\n\t\t\t\t<\/div>\n\t\t\t\t<div class=\"elementor-element elementor-element-99ca464 elementor-widget-divider--view-line elementor-invisible elementor-widget elementor-widget-divider\" data-id=\"99ca464\" data-element_type=\"widget\" data-e-type=\"widget\" data-settings=\"{&quot;_animation&quot;:&quot;fadeInLeft&quot;}\" data-widget_type=\"divider.default\">\n\t\t\t\t<div class=\"elementor-widget-container\">\n\t\t\t\t\t\t\t<div class=\"elementor-divider\">\n\t\t\t<span class=\"elementor-divider-separator\">\n\t\t\t\t\t\t<\/span>\n\t\t<\/div>\n\t\t\t\t\t\t<\/div>\n\t\t\t\t<\/div>\n\t\t\t\t<div class=\"elementor-element elementor-element-8a8353a elementor-invisible elementor-widget elementor-widget-heading\" data-id=\"8a8353a\" data-element_type=\"widget\" data-e-type=\"widget\" data-settings=\"{&quot;_animation&quot;:&quot;fadeInLeft&quot;}\" data-widget_type=\"heading.default\">\n\t\t\t\t<div class=\"elementor-widget-container\">\n\t\t\t\t\t<h2 class=\"elementor-heading-title elementor-size-default\">INGENIERO CIVIL<\/h2>\t\t\t\t<\/div>\n\t\t\t\t<\/div>\n\t\t\t\t<div class=\"elementor-element elementor-element-bd2b735 elementor-widget elementor-widget-text-editor\" data-id=\"bd2b735\" data-element_type=\"widget\" data-e-type=\"widget\" data-widget_type=\"text-editor.default\">\n\t\t\t\t<div class=\"elementor-widget-container\">\n\t\t\t\t\t\t\t\t\t<p><span style=\"font-weight: 400;\">Lu\u00eds Garro naci\u00f3 en C\u00f3rdoba y se recibi\u00f3 de Ingeniero civil en la Facultad de Ciencias Exactas, F\u00edsicas y Naturales de la Universidad Nacional de C\u00f3rdoba. Durante sus primeros a\u00f1os como profesional y luego de una pasant\u00eda en Techint, se desempe\u00f1\u00f3 en empresas como Iecsa S.A., Protel Servicios S.A. y Pellegrinet. Dentro de sus trabajos m\u00e1s destacados como Jefe de obra se pueden mencionar la Torre Renoir II -uno de los edificios m\u00e1s altos de Buenos Aires-, el Alvear Icon Hotel y las Torres Mulieris Puerto Madero.<\/span><\/p>\t\t\t\t\t\t\t\t<\/div>\n\t\t\t\t<\/div>\n\t\t\t\t<div class=\"elementor-element elementor-element-7bb8189 e-grid-align-left elementor-shape-rounded elementor-grid-0 elementor-widget elementor-widget-social-icons\" data-id=\"7bb8189\" data-element_type=\"widget\" data-e-type=\"widget\" data-widget_type=\"social-icons.default\">\n\t\t\t\t<div class=\"elementor-widget-container\">\n\t\t\t\t\t\t\t<div class=\"elementor-social-icons-wrapper elementor-grid\">\n\t\t\t\t\t\t\t<span class=\"elementor-grid-item\">\n\t\t\t\t\t<a class=\"elementor-icon elementor-social-icon elementor-social-icon-envelope elementor-repeater-item-28ac979\" href=\"\" target=\"_blank\">\n\t\t\t\t\t\t<span class=\"elementor-screen-only\">Envelope<\/span>\n\t\t\t\t\t\t<svg aria-hidden=\"true\" class=\"e-font-icon-svg e-fas-envelope\" viewBox=\"0 0 512 512\" xmlns=\"http:\/\/www.w3.org\/2000\/svg\"><path d=\"M502.3 190.8c3.9-3.1 9.7-.2 9.7 4.7V400c0 26.5-21.5 48-48 48H48c-26.5 0-48-21.5-48-48V195.6c0-5 5.7-7.8 9.7-4.7 22.4 17.4 52.1 39.5 154.1 113.6 21.1 15.4 56.7 47.8 92.2 47.6 35.7.3 72-32.8 92.3-47.6 102-74.1 131.6-96.3 154-113.7zM256 320c23.2.4 56.6-29.2 73.4-41.4 132.7-96.3 142.8-104.7 173.4-128.7 5.8-4.5 9.2-11.5 9.2-18.9v-19c0-26.5-21.5-48-48-48H48C21.5 64 0 85.5 0 112v19c0 7.4 3.4 14.3 9.2 18.9 30.6 23.9 40.7 32.4 173.4 128.7 16.8 12.2 50.2 41.8 73.4 41.4z\"><\/path><\/svg>\t\t\t\t\t<\/a>\n\t\t\t\t<\/span>\n\t\t\t\t\t<\/div>\n\t\t\t\t\t\t<\/div>\n\t\t\t\t<\/div>\n\t\t\t\t<\/div>\n\t\t\t\t\t<\/div>\n\t\t\t\t<\/div>\n\t\t\t\t<\/div>\n\t\t","protected":false},"excerpt":{"rendered":"<p>Luis Garro INGENIERO CIVIL Lu\u00eds Garro naci\u00f3 en C\u00f3rdoba y se recibi\u00f3 de Ingeniero civil en la Facultad de Ciencias Exactas, F\u00edsicas y Naturales de la Universidad Nacional de C\u00f3rdoba. Durante sus primeros a\u00f1os como profesional y luego de una pasant\u00eda en Techint, se desempe\u00f1\u00f3 en empresas como Iecsa S.A., Protel Servicios S.A. y Pellegrinet. [&hellip;]<\/p>\n","protected":false},"author":1,"featured_media":0,"parent":0,"menu_order":0,"comment_status":"closed","ping_status":"closed","template":"elementor_header_footer","meta":{"footnotes":""},"class_list":["post-5747","page","type-page","status-publish","hentry"],"_links":{"self":[{"href":"https:\/\/estudiomoc.com.ar\/index.php\/wp-json\/wp\/v2\/pages\/5747","targetHints":{"allow":["GET"]}}],"collection":[{"href":"https:\/\/estudiomoc.com.ar\/index.php\/wp-json\/wp\/v2\/pages"}],"about":[{"href":"https:\/\/estudiomoc.com.ar\/index.php\/wp-json\/wp\/v2\/types\/page"}],"author":[{"embeddable":true,"href":"https:\/\/estudiomoc.com.ar\/index.php\/wp-json\/wp\/v2\/users\/1"}],"replies":[{"embeddable":true,"href":"https:\/\/estudiomoc.com.ar\/index.php\/wp-json\/wp\/v2\/comments?post=5747"}],"version-history":[{"count":40,"href":"https:\/\/estudiomoc.com.ar\/index.php\/wp-json\/wp\/v2\/pages\/5747\/revisions"}],"predecessor-version":[{"id":6752,"href":"https:\/\/estudiomoc.com.ar\/index.php\/wp-json\/wp\/v2\/pages\/5747\/revisions\/6752"}],"wp:attachment":[{"href":"https:\/\/estudiomoc.com.ar\/index.php\/wp-json\/wp\/v2\/media?parent=5747"}],"curies":[{"name":"wp","href":"https:\/\/api.w.org\/{rel}","templated":true}]}}